80. Calculate g(-11).
3
Let o(y) = -6*y**3 + y. Determine o(-1).
5
Let k(g) = g**2 + 3. Give k(3).
12
Let i(o) = o**2 + 5*o - 30. What is i(-9)?
6
Let s(k) = 6*k - 23. Calculate s(6).
13
Let j(i) = 8*i + 434. Calculate j(-52).
18
Let t(n) = n**3 - 32*n**2 - 31*n - 62. Determine t(33).
4
Let k(d) = -d**2 - 2*d + 21. Determine k(-6).
-3
Let y(o) = -2*o**3 + o**2 - o + 1. Determine y(-2).
23
Let y(a) = 107*a - 644. Calculate y(6).
-2
Let v(m) = -m**2 + 27*m - 52. Calculate v(25).
-2
Let o(t) = t - 4. Give o(6).
2
Let a(l) = 5*l**3 - 4*l - 3. Give a(-1).
-4
Let w(u) = 4*u - 234. What is w(55)?
-14
Let x(f) = f**2 - 13*f - 27. Give x(-2).
3
Let c(r) = r - 14. Determine c(16).
2
Let s(n) = -n**3 - 6*n**2 + 10*n + 1. Give s(-7).
-20
Let l(i) = 2*i + 9. Give l(6).
21
Let a(v) = 2*v**2 - 5*v + 7. What is a(5)?
32
Let a(d) = 51*d + 247. Calculate a(-5).
-8
Let c(u) = -u - 7. What is c(-6)?
-1
Let w(c) = -c**2 - 10*c - 1. Give w(-10).
-1
Let y(b) = 2*b**2 - 16*b + 9. Give y(7).
-5
Let u(s) = s**2 + 21*s + 55. Determine u(-15).
-35
Let r(g) = -g**3 + 12*g**2 + 51*g + 14. Determine r(-3).
-4
Let c(w) = w**2 - 7*w. What is c(5)?
-10
Let f(h) = -h**3 - 2*h**2 - 5*h + 41. Calculate f(0).
41
Let d(b) = -3*b**2 - 4*b + 15. What is d(-5)?
-40
Let p(t) = -t**3 - t**2 + 89*t - 6. Determine p(-10).
4
Let i(v) = -8*v + 6. What is i(-5)?
46
Let g(t) = -t**3 + 24*t**2 + 1. What is g(24)?
1
Let a(q) = 5*q. What is a(2)?
10
Let c(h) = h**2 + 3*h - 8. What is c(-6)?
10
Let k(j) = -j**3 - 11*j**2 + 22*j - 33. Give k(-13).
19
Let a(q) = q**2 + 3*q - 53. What is a(-9)?
1
Let j(l) = -5*l - 58. Give j(-8).
-18
Let y(r) = r**2 - 10*r - 15. Calculate y(12).
9
Let k(y) = -2*y - 2. What is k(2)?
-6
Let t(w) = w**2 + 2*w - 21. What is t(-7)?
14
Let z(x) = 14*x**3 - 2*x**2 - x. Give z(-1).
-15
Let z(n) = 8*n**3 - 2*n**2 - 2. What is z(2)?
54
Let f(a) = -a**2 + 28*a - 54. Determine f(26).
-2
Let t(h) = h - 11. Calculate t(-9).
-20
Let y(v) = -4*v**2 + 6*v + 3. Give y(-2).
-25
Let i(d) = -d**3 + 12*d**2 + 19*d - 43. Calculate i(13).
35
Let v(t) = t**2 + 4*t - 1. Determine v(-8).
31
Let t(x) = -3*x + 9. Determine t(7).
-12
Let g(s) = s**2 - 17*s + 1. Determine g(16).
-15
Let h(b) = -b**3 - b**2 + b + 7. Calculate h(0).
7
Let w(s) = s**2 + 12*s + 9. What is w(-8)?
-23
Let t(f) = f**2 - 9*f - 16. What is t(11)?
6
Let t(z) = -z**3 - 6*z**2 + 7*z + 6. What is t(-7)?
6
Let q(a) = -45*a + 93. Determine q(2).
3
Let g(x) = 2*x**2 - 29*x - 1. Give g(15).
14
Let j(v) = 6*v + 38. What is j(-7)?
-4
Let q(m) = m**2 + 9*m + 37. Give q(-6).
19
Let d(f) = 2*f**2 + 2*f + 5. Give d(-3).
17
Let l(v) = 6*v - 92. What is l(9)?
-38
Let c(q) = -12*q**2 + 9*q - 7. Give c(1).
-10
Let d(n) = 2*n**2 - 8*n + 6. Determine d(0).
6
Let w(h) = 4*h + 4. What is w(2)?
12
Let y(m) = m**3 - m**2 - 10*m - 1. Give y(4).
7
Let d(i) = -i**3 - 3*i**2 + 7*i - 2. Determine d(-5).
13
Let y(c) = -c**2 - 13*c - 4. What is y(-6)?
38
Let z(l) = -17*l - 16. What is z(-5)?
69
Let s(i) = 2*i**2 + 15*i + 10. Calculate s(-6).
-8
Let t(v) = v**2 - 13*v + 22. Determine t(11).
0
Let h(a) = -a**2 + 4*a + 6. Calculate h(6).
-6
Let x(d) = 4*d + 81. Give x(-26).
-23
Let h(p) = 11*p - 11. Calculate h(1).
0
Let x(c) = c + 20. Determine x(-12).
8
Let j(s) = -s**3 + 11*s**2 + 1. Determine j(11).
1
Let a(r) = -r**3 - 3*r**2 - 6*r + 1. Calculate a(-3).
19
Let p(a) = -a + 9. Calculate p(5).
4
Let y(r) = 3*r - 47. What is y(14)?
-5
Let c(n) = -n**3 - 2*n**2 + 3*n. What is c(-3)?
0
Let p(g) = 13*g**2 + 3*g. Calculate p(-1).
10
Let w(q) = -q**3 - 14*q**2 - 14*q. Calculate w(-13).
13
Let c(p) = 63*p**2 + 2*p + 2. Give c(-1).
63
Let c(j) = j**2 + 14*j + 25. Determine c(-12).
1
Let b(t) = -2*t**3 + 33*t**2 + 17*t + 2. Give b(17).
2
Let y(l) = -7*l + 25. Calculate y(3).
4
Let t(q) = -3*q**2 - 5*q - 3. Determine t(-2).
-5
Let s(g) = g - 7. What is s(8)?
1
Let y(k) = k - 23. What is y(-7)?
-30
Let y(v) = 2*v**3 + 17*v**2 + 6*v - 18. Calculate y(-8).
-2
Let j(y) = 21*y - 108. Calculate j(5).
-3
Let l(w) = 2*w**3 - w**2 - 5*w - 2. Give l(0).
-2
Let f(m) = 4*m**2 + 15*m - 10. Calculate f(-5).
15
Let i(a) = a - 4. Calculate i(6).
2
Let f(v) = v**3 + 13*v**2 + 18*v + 44. What is f(-10)?
164
Let q(z) = -z + 10. Calculate q(10).
0
Let x(w) = 3*w**2 + 14*w + 13. Calculate x(-8).
93
Let i(g) = g**3 + 8*g**2 - 3*g - 18. Calculate i(-8).
6
Let d(a) = -a**3 + a**2 + 5*a + 8. What is d(4)?
-20
Let u(j) = j**2 - j + 4. Give u(6).
34
Let x(s) = 2*s**2 - s - 5. Give x(-4).
31
Let o(a) = 2*a**2 + 16*a + 51. Determine o(-7).
37
Let g(w) = -w**3 + 3*w**2 + 17*w + 16. Calculate g(6).
10
Let p(h) = h**3 + 33*h**2 + 33*h + 1. Determine p(-1).
0
Let g(i) = -11*i - 49. Calculate g(-4).
-5
Let r(f) = 2*f + 39. Calculate r(-10).
19
Let y(k) = -2*k**2 - k + 2. Determine y(0).
2
Let i(a) = -a**3 + 7*a**2 - 6*a - 9. What is i(4)?
15
Let s(w) = 12*w + 59. Calculate s(-4).
11
Let f(h) = 2*h + 39. Give f(-20).
-1
Let h(y) = -22*y**2 - y - 2. Calculate h(-1).
-23
Let p(r) = 3*r**3 + 17*r**2 - r + 12. What is p(-6)?
-18
Let k(x) = 3*x + 21. Calculate k(-6).
3
Let u(q) = -7*q + 2. Determine u(-2).
16
Let f(v) = -2*v**3 + 6*v - 5. What is f(2)?
-9
Let b(g) = 3*g + 24. Determine b(-6).
6
Let u(m) = -2*m + 1. Calculate u(-1).
3
Let k(u) = -u**2 + 7*u + 51. Give k(11).
7
Let i(w) = 29*w**2 - w. What is i(1)?
28
Let j(s) = 50*s**2 + 10*s + 9. Give j(-1).
49
Let j(p) = -8*p + 12. Determine j(4).
-20
Let x(h) = 8*h**2 - 2*h - 1. What is x(2)?
27
Let i(b) = b**3 + 13*b**2 - 17*b + 2. Calculate i(-14).
44
Let j(i) = -81*i - 1462. What is j(-18)?
-4
Let b(h) = h**2 - 16*h - 20. Calculate b(19).
37
Let y(f) = -f**3 + 6*f - 115. What is y(0)?
-115
Let j(t) = 2*t**3 + 12*t**2 - 15*t - 9. What is j(-7)?
-2
Let l(x) = -x**2 + 10*x - 17. Determine l(5).
8
Let s(c) = 12*c + 28. Calculate s(-6).
-44
Let l(u) = u**3 - 51*u**2 - 58*u + 316. Calculate l(52).
4
Let l(f) = -7*f + 41. Give l(7).
-8
Let u(a) = 5*a**3 - a**2 + a - 1. Give u(1).
4
Let w(a) = -2*a + 7. Calculate w(19).
-31
Let h(c) = 2*c**2 - 13. Give h(-5).
37
Let v(i) = 11*i**2 + 46*i + 10. Determine v(-4).
2
Let d(n) = 14*n**2 + 3*n - 1. Calculate d(2).
61
Let f(t) = -t**2 + 10*t + 12. Give f(11).
1
Let o(k) = 3*k**2 - 69*k - 154. Determine o(25).
-4
Let f(b) = 2*b - 12. Give f(6).
0
Let u(z) = 2*z + 15. What is u(-7)?
1
Let s(t) = t**3 + 15*t**2 - 18*t + 2. Determine s(-16).
34
Let a(y) = -2*y**2 - 7*y - 1. Give a(-6).
-31
Let c(o) = o**3 + 3*o**2 + 6*o + 1. Calculate c(0).
1
Let w(a) = 3*a**2 + 5*a - 17. What is w(-7)?
95
Let c(t) = 4*t + 48. Determine c(-10).
8
Let x(s) = -s**3 - 6*s**2 + 6*s - 8. Give x(-7).
-1
Let b(s) = -2*s**3 + 25*s**2 - 12*s - 2. Determine b(12).
-2
Let s(x) = x**2 - 13*x - 51. Determine s(16).
-3
Let t(d) = d**3 - 8*d**2 + 6*d - 8. Calculate t(7).
-15
Let h(i) = -3*i**2 - i - 1. Determine h(-2).
-11
Let g(z) = -28*z - 3. What is g(-1)?
25
Let o(t) = -t**3 - 11*t**2 - 6*t + 30. Give o(-10).
-10
Let d(t) = -4*t + 43. Give d(23).
-49
Let m(i) = 16*i**2 + 2*i + 1. What is m(-1)?
15
Let c(b) = 2*b**2 + 9*b - 4. Calculate c(-5).
1
Let b(g) = -2*g**2 - 33*g - 13. What is b(-16)?
3
Let c(y) = y**3 - 7. Determine c(0).
-7
Let l(y) = 16*y**3 + 2*y - 2. Determine l(1).
16
Let o(j) = 7*j + 22. Calculate o(-5).
-13
Let u(l) = 18*l - 2. What is u(2)?
34
Let y(a) = a + 8. Determine y(-3).
5
Let k(v) = v**3 - 12*v**2 + 7*v + 8. Determine k(11).
-36
Let u(g) = g**2 - 8*g - 107. Determine u(15).
-2
Let j(q) = q**3 - 4*q + 7. Calculate j(3).
22
Let w(h) = 2*h + 14. Give w(-7).
0
Let j(q) = q**2 - 3*q - 12. Calculate j(6).
6
Let g(j) = -j**3 + 8*j**2 + 12*j - 8. Determine g(8).
88
Let a(g) = g**3 - 37*g**2 + 2*g - 81. Calculate a(37).
-7
Let l(u) = -u**2 + 5*u - 10. Calculate l(6).
-16
Let v(f) = f**3 - 19*f**2 + f - 13. Give v(19).
6
Let g(k) = 9*k**2 + 142*k - 39. Give g(-16).
-7
Let b(s) = -3*s**2 - 37*s - 43. Calculate b(-11).
1
Let v(i) = i + 6. Calculate v(3).
9
Let p(f) = -2*f + 9. Give p(-9).
27
Let q(u) = u**3 - 3*u**2 + 10*u - 28. Determine q(3).
2
Let c(t) = 8*t**2 + 2*t - 5. Give c(2).
31
Let q(p) = p**3 + 2*p**2 - 9*p. Calculate q(-4).
4
Let r(v) = v**3 - 11*v**2 - 311*v - 26. Give r(24).
-2
Let p(y) = -11*y**3 + 3*y**2 + 7*y + 5. What is p(-1)?
12
Let a(z) = -z + 11. Determine a(-20).
31
Let p(s) = -s**2 - 2*s + 36. Determine